*2 - 3*m - 58. Let h(p) = -13*p**3 + 25*p**2 + 8*p + 174. Let y(w) = 2*h(w) + 7*v(w). What is the units digit of y(7)?
9
What is the tens digit of (-461 - (-5 + 2))*(-6 - (-3 + 4))?
0
Let t(h) = 1961*h**3 + h**2 - 2*h + 1. Let c be t(1). Suppose -2*d - 8385 = -5*k, 1417 = 2*k + 4*d - c. What is the units digit of k?
9
Let q = 6181 + 15655. What is the units digit of q?
6
What is the units digit of (-12)/360*-10 + 790580/30?
3
Let u = 39941 + -23485. What is the tens digit of u?
5
Suppose -15*q + 583559 = 96*q - 2101309. What is the ten thousands digit of q?
2
Let y(x) = -3*x - 5. Let q(a) = -18 - 2*a + 18 - 6. Let c(g) = -3*q(g) + 4*y(g). What is the tens digit of c(-3)?
1
Let v be 8/36 - (-424)/36. Let q be (-2)/(-2) + v*(-128)/24. Let x = 112 + q. What is the units digit of x?
9
Suppose -240*r + 248*r - 53671 = 39945. What is the units digit of r?
2
Let z = 238 - 199. Suppose x = z + 97. What is the hundreds digit of x?
1
Suppose 0 = -5*r - 4*v + 204186, -5*r + 226484 - 22299 = 5*v. What is the thousands digit of r?
0
Let q(s) = 18*s**2 + 43 - 32 - 15*s + 14*s**2. What is the tens digit of q(-4)?
8
Let d = -109 + 71. Let q = -34 - d. Suppose 3*n = -q*i + 671, 2*i - 3*i + 454 = 2*n. What is the tens digit of n?
2
Let l(b) = 28*b + 11*b + 6 - 5*b. Let x = -408 + 411. What is the tens digit of l(x)?
0
Let x = 681 - 708. What is the hundreds digit of (-3)/2*(x + 1)*25?
9
Let r be (-2)/31 - 29498/217. Let p = 1073 + r. What is the units digit of p?
7
Let i = -52 - -54. Suppose i*a = -s - s + 298, -155 = -a - 4*s. Let c = -44 + a. What is the units digit of c?
3
Suppose 0 = 5*d + d + 48. What is the tens digit of ((-1180)/25)/(d/20)?
1
Let h(s) = -5*s**2 - 10*s + 86. Let x(v) = -3*v**2 - 11*v + 86. Let j(c) = -2*h(c) + 3*x(c). What is the units digit of j(18)?
6
Suppose -3*b + 3*r = 7*r - 5958, 0 = 5*b - 3*r - 9988. What is the hundreds digit of b?
9
Let z be (1278/(-852))/((-2 + 4)/(-116)). Let k = -231 + 372. Let c = k - z. What is the tens digit of c?
5
Let r be 9/18 - (-190)/4. Suppose -3*d = -s - 762, 0*s = s - 3. What is the tens digit of d/(-10)*r/(-9)?
3
Suppose -4*j - 2*q = -10, -4*j + 3 = -q + 2. Let b be (-23)/(6/6) - (-2)/j. Let t = 5 - b. What is the units digit of t?
6
Suppose -18 = -8*r + 78. Suppose 8*f = r*f - 800. What is the units digit of f?
0
Suppose 0 = 15*u - 8*u + 23*u - 79770. What is the tens digit of u?
5
Suppose -25*y + 6 = -22*y. Let j(d) = 0*d**2 + 1 + y + d**2 - 2. What is the tens digit of j(5)?
2
Suppose 1340*h - 102154 = 1327*h. What is the units digit of h?
8
Suppose 20 = -4*k + 2*o, 2*k + o + 22 = 5*o. Let a(w) = 95 + 9*w**2 + 99 + 96 + 98 - 6*w - 394. What is the units digit of a(k)?
3
Suppose 24 = -w - 2*w. Let b be (-38)/w - 2/(-8). Suppose -2*u = -u + c - 93, 0 = -u + b*c + 81. What is the tens digit of u?
9
Let n = 1588 - 288. Let l = n + -258. What is the units digit of l?
2
Let g(z) = -3364*z - 2960. What is the units digit of g(-5)?
0
What is the hundreds digit of (-4106)/(3*31/9 + -5 - 6)?
1
Suppose 5*v - 111 = -2*j, 5*j - 2*j = v + 141. Suppose -13*z - j = -126. Suppose 0 = z*k - 3*k - 96. What is the units digit of k?
2
Let c(t) = 0*t**2 - 124 - t**2 + 83 - 43*t. What is the tens digit of c(-22)?
2
Let n = -1172 - -1174. Let p be -16 - 2 - (0 + -2). What is the units digit of p/(-3 + (n - 2) - -1)?
8
Let m = 19276 + -12115. What is the thousands digit of m?
7
Suppose 6*t - 58 = -22. Let a(v) = 3*v**3 - 7*v**2 - 3*v - 11. What is the units digit of a(t)?
7
Suppose 4*y = 32, 0 = 28*p - 29*p + y + 714. What is the tens digit of p?
2
Suppose -42 = 19*j - 25*j. Suppose 9*p - 1968 = -j*p. What is the units digit of p?
3
Suppose 0*n - n - 4*i - 15 = 0, 3*n - 5*i - 40 = 0. Suppose f - n*f = 20, -5*p + f = -3350. What is the units digit of p?
9
What is the thousands digit of ((-23)/(-2) - 16)*(-85388)/9?
2
Suppose 8*w - 145920 = -5936. What is the units digit of w?
8
Suppose g - 4*a = 14, 5*g + 5*a - 13 = 6*a. Suppose -3*s - g*y = -1725, 2693 + 201 = 5*s - 3*y. What is the hundreds digit of s?
5
Let u(f) = f**3 + 3*f**2 - 161*f - 66. What is the units digit of u(20)?
4
Suppose 6*o + 4*w + 23 = o, 5*w - 22 = o. Let g(z) = -64*z + 6. Let r(j) = 127*j - 13. Let k(y) = o*g(y) - 3*r(y). What is the tens digit of k(1)?
6
Let f(r) = 93*r - 5. Let s(g) = 186*g - 9. Let o(u) = -7*f(u) + 4*s(u). Let v(z) = -46*z. Let c(w) = -2*o(w) - 5*v(w). What is the tens digit of c(1)?
4
Let b = -19 - -22. Suppose -2*i + 4*d = -44, 8*i - 3*i - 85 = 5*d. What is the tens digit of 2 + (2 - -2)/(b/i)?
1
Suppose -3*d + 17 = 4*s, 0 = -14*s + 10*s - 2*d + 18. Suppose s*h = 17*h - 2412. What is the units digit of h?
1
Suppose -12*d + 12 = -9*d. Suppose d*f + 16*f - 1780 = 0. What is the tens digit of f?
8
Let k(j) = -2*j**3 - j**2 - j. Let g be k(-1). What is the units digit of ((-30)/15)/(g/(-422))?
2
Let u(g) = 9248*g**2 + 12*g - 10. What is the tens digit of u(1)?
5
Let b = 77 - -59. Suppose -w + 4 = -s, 9 - 3 = 2*w - s. Suppose u = -f + b, 3*f + f - 280 = -w*u. What is the tens digit of u?
3
Let l = 73 - 51. Let q = 28 - l. Suppose 9*g - q*g - 501 = 0. What is the hundreds digit of g?
1
Let j(k) = 122*k - 13. Let g = 61 + -57. Let i be j(g). Suppose -3*s - 115 + i = 0. What is the tens digit of s?
2
What is the units digit of 35454 + (95/76 - 135/12)?
4
Suppose -1 = j - 3*y + 2, y + 32 = 4*j. Suppose -j*m + 2*m = -651. What is the units digit of m?
3
Let c(i) = 3*i**2 + 25*i + 5. Let g be c(-10). What is the thousands digit of 11/g - (8739/(-5) - -3)?
1
Let c(z) = -1886*z + 6549. What is the units digit of c(-12)?
1
Let w(x) = x**2 + 17*x + 30. Let a be w(-2). Suppose -n = -249 - a. What is the tens digit of n?
4
Suppose -5*y + 11773 = -26332. What is the units digit of y?
1
Let k(m) = 3*m + m**3 - 51*m**2 - 22 + 0*m**3 + 64*m**2. Let n be ((-8)/(-12))/((3 - 1)/(-36)). What is the units digit of k(n)?
6
Let j(h) = h**2 + 8*h + 13. Let g be j(-7). Suppose -9 = g*w - 9*w. Suppose -w*b + 279 = -0*b. What is the tens digit of b?
9
Suppose 0 = j - m - 32 - 33, -j + 61 = -3*m. Let c = j + 338. What is the tens digit of c?
0
Suppose 2*z - 15851 = -5*m, 31*z - 7919 = 30*z + 4*m. What is the hundreds digit of z?
9
Let a(d) = d**2 + 3*d + 3. Let g be a(-2). Suppose -m = 3*t - 11, t - 5*t = 3*m - 18. What is the units digit of 3 - (2 - m - g)?
4
Let u(x) = 1386*x**3 + 12*x**2 - x - 5. Let m be u(-2). What is the tens digit of ((-4)/(-6))/(11034/m + 1)?
1
Let c = -8954 - -16543. What is the tens digit of c?
8
Let i = 554 + -552. Suppose 2013 = 4*s - 3*u, i*s + 609 - 1638 = -3*u. What is the hundreds digit of s?
5
Suppose 4*y = -5*a + 18, 0*y + 12 = 4*a + 2*y. Suppose -a*o + 3670 = 5*m + 487, 1278 = 2*m + 2*o. What is the units digit of m?
5
Suppose -7*l + 3*l + 579 = -49. What is the tens digit of l?
5
Suppose -65*y + 8870514 = -55*y + 113*y. What is the hundreds digit of y?
1
Let d be 14/4 + 1/(-2). Let p be (-1 + 4 - (10 - 3)) + 7 + 17. Suppose -d*g + 28 = 2*m, 2*g + g = -4*m + p. What is the tens digit of g?
1
Let s(c) = -3*c**2 + 10. Let r be s(-5). Let u be 1/((30/r)/6). Let a = 57 + u. What is the units digit of a?
4
Let r be (60/(-2))/2*(-51)/85. Let s = 377 + r. Let f = -183 + s. What is the hundreds digit of f?
2
Suppose 4*x - 88927 = -15839. What is the units digit of x?
2
Suppose -7*j - 18*j = 98*j - 706635. What is the units digit of j?
5
Let q = -2655 - -2617. Suppose -4*v + n + 44 = 6*n, 2 = v - n. Let y = v - q. What is the tens digit of y?
4
Suppose -16701 = -68*h + 7983. What is the tens digit of h?
6
Suppose b = -g + 20713, -3*b + 1835 = 2*g - 60303. What is the ten thousands digit of b?
2
Let g(d) = -2663*d - 3854. What is the hundreds digit of g(-12)?
1
Suppose -2572*x = -2559*x - 802386. What is the hundreds digit of x?
7
Suppose -57*z + 48*z + 9 = 0. What is the hundreds digit of ((-7924)/(-10) - (-9)/15)/z?
7
Let t(b) = b**3 + 7*b**2 - 10*b - 7. Let r(h) = -h + h - 3*h - 12 - 40. Let m be r(-15). What is the units digit of t(m)?
3
Let s be (1/2)/((-14)/(-392)). Suppose -p = -s*p + 416. What is the units digit of p?
2
Suppose -15*q = -11*q - 20. Let h = 3 - q. What is the units digit of 23*(0 + h)/(6 + -8)?
3
Let z = 18426 - 12273. What is the tens digit of (-559)/(-52) + -11 - z/(-4)?
3
Let p(g) = -2*g**3 - 5*g**2 + 9*g